t - 5*z + 245, -3*z - 2*z = -t + 25. What is the highest common factor of 60 and t?
15
Suppose 0 = 2*c - 4*c + 92. What is the greatest common divisor of 115 and c?
23
Let d(f) = -2*f**3 + 2*f**2 + 5*f + 3. Let r be d(-3). Let x(a) = 2*a + 3. Let i be x(6). What is the highest common divisor of i and r?
15
Let o(q) = q**3 - 4*q**2 + 2*q - 17. Let f be o(7). Calculate the greatest common divisor of 36 and f.
36
Let l(g) = 2 - 2 - 1 - g. Let o be l(6). Let b(x) = x**3 + 7*x**2 - 8*x - 6. Let h be b(o). What is the highest common divisor of 10 and h?
10
Suppose z + 0*z - 265 = 0. Let x = 12 + -7. Suppose x*f - z = 3*c - 0*c, 5 = c. What is the greatest common divisor of f and 7?
7
Let u = 17 - 10. Suppose -2*w + 17 = -w - 5*l, 20 = -4*w - 2*l. Let m be 84/(-9)*1*w. What is the highest common divisor of u and m?
7
Let v be (-21)/(-14)*16/2. Calculate the greatest common divisor of 30 and v.
6
Suppose v - 4*k - 7 - 3 = 0, -5*k = 15. Let q be v/9 - 16757/(-117). Let i be (2/(-4) + 0)*-26. Calculate the greatest common divisor of q and i.
13
Let i = -75 - -114. What is the greatest common divisor of 13 and i?
13
Let w be 60*(-3)/(-36)*15. Calculate the highest common divisor of w and 15.
15
Let p = -10 + 32. Calculate the highest common divisor of 2 and p.
2
Let c(f) = f**2 - 9. Let s be c(-8). Calculate the greatest common factor of s and 11.
11
Let q(x) = -4*x - 1. Let n be q(-4). Suppose -2*v - 135 = -5*v. Suppose -v = -2*z - 3*w, 2*w - 3*w + 65 = 4*z. Calculate the greatest common divisor of n and z.
15
Let s(k) = 2*k**2 + 2*k + 1. Let t(n) = -6*n**2 - 6*n - 2. Let q(p) = 7*s(p) + 2*t(p). Let j be q(7). Calculate the greatest common divisor of j and 23.
23
Suppose 0 = 2*y - 3*w - 163, -5*y - w = -0*y - 399. Suppose -x + 5 = -5. Calculate the greatest common divisor of y and x.
10
Suppose -4*a + 2 = -6. Let z(s) = -s. Let g be z(-7). Let l be 2/g - 48/(-28). What is the highest common divisor of l and a?
2
Let v = 8 - 4. Let l be 508/14 - v/14. Suppose -3*m + 4 = 5*g - l, 4*m = -2*g + 30. What is the greatest common divisor of m and 20?
5
Suppose -3*a + 20 = 2*a. Suppose -a*x - 2*u = -x - 24, 0 = -4*x - 4*u + 36. Suppose o + 0*o = x. Calculate the greatest common factor of o and 24.
6
Let x(n) be the second derivative of -14*n**3/3 - 3*n**2 + 2*n. Let y be x(-7). Suppose -y = -3*w + w. Calculate the highest common divisor of 19 and w.
19
Let j(f) = 2*f**2 + 5*f + 3. Let t be j(-2). What is the greatest common divisor of t and 11?
1
Let u(h) = h**3 + 7*h**2 - 2*h - 7. Let f be u(-7). Calculate the highest common divisor of f and 63.
7
Let l be (1/(-3))/((-1)/6). Let t = 4 - l. What is the highest common factor of 8 and t?
2
Suppose 104 = u - 2*f + 4*f, -4*u = -2*f - 446. Calculate the highest common divisor of 44 and u.
22
Let p = -4 - -3. Let s be 1 - (p - 0/(-2)). Suppose -36 = -2*u - 4*v, s*v - 39 = -3*u + v. Calculate the greatest common divisor of u and 8.
4
Let t = 25 - 13. Calculate the highest common factor of t and 36.
12
Let l be (-4)/2*(-3)/2. Suppose 0*f + l*f - 486 = 0. Suppose 3*u - 72 = -u. What is the greatest common divisor of f and u?
18
Let n be (-8 + 2)*(-4)/6. Suppose z - p = p + 8, -4*z + 68 = n*p. Let a be 0 + (28/2)/1. What is the highest common divisor of a and z?
14
Let z(j) = 5*j**2 - j - 8. Let k be z(-2). What is the highest common divisor of k and 7?
7
Suppose -4*a + 7 = 3*j, -3*j + 2*a + a - 21 = 0. Let r = j - -5. Suppose 5 = h + r. What is the greatest common factor of 3 and h?
3
Suppose d - 4*d + 4 = -o, -3*o - 12 = 0. Let a = 584 - 312. Suppose d = 2*b - 8 - a. Calculate the highest common divisor of b and 20.
20
Let o be 35/10*8/14. Let f = 62 - o. Calculate the greatest common divisor of f and 24.
12
Let i be (1 - -1) + 0/(-3). Let y(k) = -1 + 2 + 0 + 2*k**i. Let u be y(2). Calculate the greatest common factor of 63 and u.
9
Suppose 3*r = r + 24. Suppose 0 = -0*c - c + r. Suppose 0 = -3*t - 3*g + 168, 0 = -3*g - 0*g - 12. What is the greatest common divisor of t and c?
12
Let m be (-323)/(-5) - (-4)/10. What is the highest common divisor of 26 and m?
13
Let k(c) = -c + 10. Let j be k(5). Suppose 3 = 2*w - 1, -j*t + 14 = -3*w. Let d be (2/1 - 3)*-12. Calculate the greatest common factor of d and t.
4
Suppose 5*t - 510 = -t. Suppose 0*f - 102 = -3*f. What is the greatest common divisor of t and f?
17
Suppose 5*r - 2*n - 256 = -4*n, -5*r + 235 = -5*n. Calculate the greatest common divisor of r and 20.
10
Let z = -18 - -20. Suppose 13 = z*p - p. What is the highest common factor of 52 and p?
13
Suppose 48 = 4*v + 4. Let i = 93 + -5. What is the highest common factor of v and i?
11
Suppose -19*t = -23*t + 84. Let x(c) = -2*c - 4*c + 3 + c**2 + 3*c. Let d be x(4). What is the highest common divisor of t and d?
7
Let p = -2 + 4. Suppose -p*n = -0*n. Suppose 0 = 2*l - l, n = -3*o + l + 378. Calculate the greatest common factor of 14 and o.
14
Let d be 4*(-3)/(-8)*2. What is the highest common factor of d and 6?
3
Let x be 10*-9*4/(-8). What is the highest common divisor of 9 and x?
9
Let g = -129 + 360. Calculate the highest common factor of 21 and g.
21
Let h = -105 + 163. Calculate the highest common divisor of h and 29.
29
Let g(v) = 2*v**2 - 5*v - 5. Let l be g(5). Let p = 375 + -215. Calculate the greatest common divisor of p and l.
20
Suppose 0 = n + 2*i + 11 - 45, 3*n - 110 = -2*i. What is the highest common factor of 19 and n?
19
Let q = -121 - -202. Suppose -2*p + 3*n + 42 - 9 = 0, 4*p - n - q = 0. Calculate the greatest common factor of p and 168.
21
Suppose -4*c = -37 + 1. Suppose -6*g = -41 - 13. Calculate the greatest common divisor of c and g.
9
Let n be 44/6 - 9/27. Let d = -106 + 61. Let l = -10 - d. What is the greatest common factor of n and l?
7
Let k(d) = -d + 4. Let h be k(2). Suppose 4*x - h = 2*j, 0 = j + 3*x - 18 - 6. Let z be 45/(-6)*(-24)/j. What is the highest common factor of 5 and z?
5
Let v(q) be the third derivative of -q**5/60 + q**3/3 - 3*q**2. Let z be v(-2). Let t be z*1/(-1)*1. Calculate the greatest common divisor of 10 and t.
2
Let u be -1 - 3/((-3)/403). Suppose 2*y = -4*s + u, -492 = -2*s - 3*s + y. Calculate the highest common divisor of 9 and s.
9
Let r(o) = o**2 + 7*o + 6. Let j be r(-4). Let x(t) = -9*t - 7. Let k be x(j). Suppose k = 4*q - 1. Calculate the greatest common factor of q and 60.
12
Suppose -5*o - 3*o = -1080. Calculate the highest common divisor of o and 30.
15
Suppose -4 = -a - 26. Let q = a - -47. Calculate the highest common divisor of q and 275.
25
Suppose 3*n - 3*u = 18 + 6, -n = u. Let s(h) = 11*h**2 - 4*h. Let f be s(4). Suppose 8*t = n*t + f. What is the highest common factor of t and 5?
5
Let j = 98 + -79. What is the greatest common factor of j and 38?
19
Suppose -2*c + 7*c = 4*y - 45, 3*c - 9 = 0. Calculate the greatest common divisor of 105 and y.
15
Let x be 2 - 0/(0 + 1). Let u be (-3)/2 - 18/(-4). What is the highest common divisor of x and u?
1
Let z(q) be the second derivative of -q**3/2 - 3*q**2 - 2*q. Let m be z(-4). Calculate the greatest common divisor of 24 and m.
6
Suppose -3*b = -4*t + 431, 3*t - 7*t - b + 443 = 0. Calculate the highest common divisor of 10 and t.
10
Suppose q + 2 = 5. Suppose -q*v = -v - 214. Let l = 152 - v. Calculate the greatest common divisor of 30 and l.
15
Let n be (-8)/(-3)*(-3)/(-2). Let l = 6 - 5. Let i be ((-6)/15)/(l/(-30)). What is the greatest common factor of n and i?
4
Let l(g) = -2*g - 11. Let y be l(-6). Calculate the greatest common factor of 1 and y.
1
Suppose -a + 60 = 3*l - 33, 62 = 2*l - 2*a. Suppose -2 = -3*c + 58. Let k = l - c. What is the highest common divisor of k and 99?
11
Suppose 2*h + 5*m - 373 = 0, -3*h + 921 = 2*h + m. Calculate the greatest common divisor of 8 and h.
8
Let i be (-2)/5 + (-96)/(-15). Suppose -4*a + 2 = -i. Suppose -a*r + 68 = -0*r. What is the greatest common divisor of 51 and r?
17
Suppose -327 - 435 = -3*v. Suppose 4*p + p = 4*a - v, 4*a = 2*p + 260. Calculate the highest common factor of a and 6.
6
Let k = 37 + -25. Let s = -1 - -6. Suppose 2*c + 38 = 3*w, 5*w - s*c - 63 = -2*c. What is the highest common divisor of w and k?
12
Suppose 6*p + 53 = 3*b + 4*p, 4*b - 4*p = 76. Let n(t) = -5*t. Let y be n(-1). What is the highest common divisor of b and y?
5
Let v be (